divisor of c and 21?
21
Suppose 3*c = 4*l + 4 - 24, l - c - 4 = 0. Let s = 8 - l. Suppose -o + 6 + 10 = s. What is the highest common factor of o and 4?
4
Suppose -3*a - 11*n + 340 = -6*n, 2*a - 190 = 4*n. Let r = a + -39. Let f = -44 + r. Calculate the greatest common divisor of 55 and f.
11
Let b = 12 - 0. Suppose -2*g + 24 = -5*c, 48*c + 147 = 5*g + 50*c. Calculate the highest common divisor of g and b.
3
Let s(n) = -2*n**2 + 84*n - 84. Let u be s(34). Suppose 3*x - 110 = u. What is the greatest common factor of x and 5?
5
Suppose 3594 - 14634 = -120*f. Calculate the highest common factor of 5198 and f.
46
Let h(p) = -p**3 - 27*p**2 - 77*p - 12. Let y be h(-24). Calculate the greatest common factor of y and 3834.
54
Let o be ((-11)/22)/((-1)/10). Suppose 0 = 2*n - 3*i + 102 + 69, o*n + 2*i + 380 = 0. Let f = n - -102. Calculate the greatest common factor of 120 and f.
24
Let d = 3317 - 3296. What is the greatest common divisor of d and 357?
21
Let a be 28/70 + 46/10. Let k(u) = u**3 + 8*u**2 - 8*u - 3. Let v be k(-9). Let p be ((-16)/v)/(a/330). What is the highest common divisor of p and 8?
8
Let r be ((-11)/(-44))/((-1)/(-56)). Suppose 0 = 5*c - 10, -3*c = -4*i + 12 + r. What is the greatest common divisor of 88 and i?
8
Let i be 1039/(-14)*6 + 2/7. Let p = i - -304. Let d = 246 + p. Calculate the highest common divisor of d and 15.
15
Let w = 185 + -180. Suppose -w*g + 563 = 138. Calculate the highest common factor of 17 and g.
17
Suppose -4*v = -8 - 12, 0 = 3*k + 4*v - 968. Suppose a - 32 - 29 = -5*t, 4*t = 4*a - k. What is the highest common factor of 38 and a?
38
Let g be 3100/3*(-15)/(-10). Suppose -132 = -2*p - 134, 4*p + 254 = 5*c. Calculate the highest common divisor of c and g.
50
Let h(v) = -3*v**3 + 26*v**2 + 80*v - 88. Let g be h(-4). What is the greatest common divisor of g and 4150?
50
Suppose 11*u + 15 = 16*u. Suppose -50 = -r + u*o, -4*r + 250 = r - o. Calculate the highest common factor of 100 and r.
50
Suppose 0 = -7*j + 26*j + 11*j - 184650. What is the greatest common factor of j and 5?
5
Let x(t) = -t**3 + 43*t**2 - 97*t - 19. Let s be x(28). What is the highest common divisor of 25 and s?
25
Let h be (168/12)/(-2 + (-20)/(-9)). Let r be 6306/63 + (-6)/h. Calculate the highest common divisor of r and 20.
20
Suppose p - 2*p = -185. Suppose 24*r = 34*r - 740. Calculate the highest common factor of r and p.
37
Let a(l) = -l**3 - 2*l**2 + 6*l - 5. Let x be a(-5). Suppose t = -u, 5 = u - 2*t - 1. Suppose -u*n + 60 = 4*n. Calculate the greatest common divisor of n and x.
10
Let s = 17 - 11. Suppose -13793*j + 13798*j - 980 = 0. Suppose 3 = -3*m, s*m - 2*m - j = -5*q. Calculate the highest common factor of 200 and q.
40
Let q = 20 + -17. Let l be -2*(-1 + (10/4 - q)). Let z be (1/(5/10))/(l/6). Calculate the greatest common divisor of z and 4.
4
Let b(f) be the second derivative of 5*f**4/12 + 2*f**3/3 - 52*f**2 - 8*f + 6. Let s be b(-13). What is the greatest common factor of s and 13?
13
Suppose 0 = -4*d + 12 - 0. Suppose -39 = -3*x - d*o, 0 = 5*x - 0*x - o - 95. What is the greatest common factor of 81 and x?
9
Suppose -6 + 0 = -2*g. Let z = 2233 + -1248. Suppose 3*k = -2*a + 381, 2*a - z = -g*a - k. Calculate the highest common divisor of a and 18.
18
Let v(y) = 126*y**2 - 3*y + 1. Let g be v(1). What is the greatest common factor of g and 3286?
62
Suppose -2*o + s = 410 - 869, 4*o - 933 = -s. What is the greatest common divisor of 14036 and o?
116
Let f(w) = -156*w - 21. Let r be f(-1). Calculate the highest common factor of r and 720.
45
Suppose 0 + 7 = -2*z + 3*p, -4*z - 8 = -4*p. Let k(r) = 18*r**2 + 18*r - 17. Let c be k(z). Calculate the greatest common factor of c and 152.
19
Let a(w) = -1603*w + 2. Let r be a(-1). Calculate the highest common divisor of r and 150.
15
Let f(o) = 183*o + 1. Let c be f(1). Let x be ((-2)/6*-6)/((-2)/(-291)). Suppose -4*l - 107 = -x. Calculate the greatest common divisor of c and l.
46
Suppose 408 - 128 = 4*m + 5*t, m - 70 = t. Let x(h) = -65*h - 246. Let z be x(-4). What is the highest common factor of z and m?
14
Let r = -29 - -32. Suppose -3 - 9 = -r*y. Suppose -29 = -2*n + y*a + 43, -2*a = -2*n + 76. What is the highest common factor of n and 4?
4
Let a = -48 + 50. Suppose -a = -4*g + 2, 5*g = -4*j + 77. Let p be 22/j - (-4)/(-18). What is the greatest common factor of p and 7?
1
Let n be (-1410)/(-4)*(448/35 - -10). Calculate the greatest common factor of 57 and n.
57
Let q(g) = 3*g**2 - 237*g + 615. Let o be q(79). Calculate the highest common factor of o and 135.
15
Suppose -5*z - 5*z = -480. Suppose 2*t + z = 5*t. Let j be (-2)/1 + (26 - 8). What is the greatest common factor of j and t?
16
Let g(s) = s**2 + 11*s - 1465. Let r be g(49). What is the highest common factor of 25 and r?
25
Let b(o) = 492*o + 3492. Let c be b(74). What is the greatest common divisor of c and 100?
100
Let y = 37 + -35. Suppose 1 = -r + 3, -1412 = -4*h - y*r. Suppose 0 = 7*i - 1808 + h. What is the greatest common factor of 26 and i?
26
Let r(n) = -2*n**2 - 111*n - 1010. Let h be r(-44). What is the highest common divisor of h and 22?
2
Let h = 3445 + -2223. What is the highest common divisor of h and 470?
94
Suppose -h - 5*t = 7, 3*h - 11*t = -14*t + 3. Let g be (9/(-3))/(2/(-2)). Calculate the greatest common divisor of h and g.
3
Suppose 0 = -5*h + 2*v + 15, -9*v + 4*v = -2*h - 15. Suppose -7*u + 11*u - 288 = -h*b, -3*b = u - 177. Calculate the highest common factor of 15 and b.
15
Suppose -3414 = -38*y + 14598. Calculate the greatest common divisor of y and 72.
6
Suppose 0 = 4*u + u - 15. Let d(t) = -6*t - 10*t - 6*t - t**2 - 1 + 27*t. Let q be d(4). Calculate the greatest common divisor of u and q.
3
Let f = 184 - 109. Let u(w) = -25*w - 30. Let d be u(-6). Suppose v - 5*v + d = 0. What is the greatest common divisor of f and v?
15
Suppose -6 = -r + 43. Let c = 41 + r. Suppose -40*g = -46*g + 216. What is the greatest common divisor of c and g?
18
Suppose 0 = 44*q - 5125 - 14543. Calculate the highest common divisor of q and 6.
3
Let s = 10822 - 10692. Calculate the greatest common divisor of 7800 and s.
130
Let u = 13005 - 12932. What is the greatest common divisor of 6497 and u?
73
Suppose -74763 = 125*u - 259*u + 53*u. Calculate the greatest common divisor of 91 and u.
13
Suppose 288 = 10*x - 832. Suppose x*o = 118*o - 30. What is the greatest common factor of 25 and o?
5
Let w = 591 + -587. Suppose 2*l = -2*s + 2, 9*s - w*l = 12*s. Calculate the greatest common divisor of s and 14.
2
Let i(d) = -d - 1. Let x be i(-5). Let a(c) = 1725*c - 96581. Let t be a(56). Calculate the highest common factor of t and x.
1
Let g be (-22)/(-33)*(-45)/(-2). Suppose 170 = 14*x + 20*x. What is the highest common factor of g and x?
5
Let h(b) = -b**3 + 14*b**2 - 3*b + 44. Let z be h(14). Suppose -6*w = -4*w - 4, z*y + 3*w = 58. Calculate the highest common divisor of y and 104.
26
Let u = -2 + 4. Let j be ((82/8)/1)/(u/8). Let a = 59 - j. Calculate the greatest common factor of a and 9.
9
Suppose -291 - 134 = -5*b. Let y(p) = -21*p - 347. Let i be y(-23). Suppose -1161*d + 1157*d + i = 0. What is the greatest common divisor of b and d?
17
Let t(d) = -7*d**2 + 425*d - 232. Let u be t(55). What is the highest common factor of u and 144?
48
Let q(x) = x**3 - 27*x**2 + 75*x - 28. Let r be q(24). Suppose -3*n + 2*k + 1010 = -3*k, -1642 = -5*n - 2*k. Calculate the greatest common factor of n and r.
22
Suppose 14*k + 100 = -5612. Let z = -240 - k. What is the highest common factor of 24 and z?
24
Let b = -2 + 4. Let v(x) = 2*x**2 + 0*x - 3*x - 1 + 13 - 9*x. Let t be v(7). Calculate the highest common divisor of b and t.
2
Let m be 47 - -1 - (0 + -2). Let l = -14357 - -14432. What is the greatest common factor of l and m?
25
Let o be (-6)/(-39) + (-4 - 408/(-52)). Suppose -420 = -o*p - 5*m, 0*p = -3*p - m + 326. What is the greatest common factor of p and 11?
11
Let j(t) = 8*t**2 + 2. Let h = 20 + -18. Let k be j(h). Let o = 304 - 270. What is the highest common factor of o and k?
34
Let y be (128780/411)/(1 - (-1)/(-3)). Calculate the highest common factor of 120 and y.
10
Let i(f) be the first derivative of -f**3/3 + 230*f + 107. Let m be i(0). What is the highest common divisor of 92 and m?
46
Let j be (-76)/